5 + (-1 - -2).
97
Let t = 38777 - 26770. What are the prime factors of t?
12007
Suppose 0*h = 9*h - 18. Let q(v) = 24*v**2 + 9 + 11*v**h + 4*v - 2. What are the prime factors of q(-2)?
139
Let g(w) = -1454*w - 1078. List the prime factors of g(-4).
2, 23, 103
Suppose 71*y - 160341 = -47266 + 265639. What are the prime factors of y?
2, 3, 7, 127
Suppose -3*j - 170 = -4*j. Let o = -2 - 85. Let p = o + j. List the prime factors of p.
83
Let u = 1316 - -295. Let v = u + -1098. What are the prime factors of v?
3, 19
Let h = 10901 - 6706. List the prime factors of h.
5, 839
Let h = 40 - 38. What are the prime factors of (147/6 + h)*(20 + 4)?
2, 3, 53
List the prime factors of 324/60*(-21 + 10206).
3, 7, 97
Let p = -262 - -258. What are the prime factors of -13*1*(p - -3)?
13
Let m be 8 - (-2 + (7 - 0)). Suppose -2*k + 3*g = -706, m*k + 28*g - 25*g = 1059. What are the prime factors of k?
353
Let u(p) = 684*p**2 - 3*p - 1. Let x be u(-1). Suppose 174 + x = 5*m. List the prime factors of m.
2, 43
Suppose 507 = 4*l - 101. Suppose -2*k = 3*s - l, 3*k - s = 3*s + 228. Let a = 180 - k. List the prime factors of a.
2, 13
Let u = -11383 + 22844. What are the prime factors of u?
73, 157
Let j = 2 + -9. Let x(a) = -6 + 8*a**2 + 6*a**3 - 5*a**3 + 0*a**2 + 8 - 9 + a. List the prime factors of x(j).
5, 7
Suppose 3*j = 4*u + 34509, 9263 = -3*j - 4*u + 43772. What are the prime factors of j?
11503
Let j = -356 - -509. Suppose -2*h + 3*g + 522 = 0, -3*h - 5*g + 662 + 64 = 0. Suppose -3*u = -h - j. List the prime factors of u.
3, 5
Let i(f) = f**3 - 46*f**2 + 98*f - 564. What are the prime factors of i(48)?
2, 3
Suppose 54*r - 418 - 18321 = 53*r. List the prime factors of r.
7, 2677
Suppose 28 = 6*b - 2. Suppose 4*n + 3 = -b, -3*p - 6 = 3*n. List the prime factors of 0 - ((7/(-1) - -2) + p).
5
Let x(s) = -3*s**2 + 2*s + 4. Let g be x(0). Suppose -165 = g*a + 131. Let t = a - -186. List the prime factors of t.
2, 7
Suppose -5*n = -n + 1928. Let z = n - -888. Suppose q - z = -6*q. What are the prime factors of q?
2, 29
Let a(g) = -g**2 - 9. Let j be a(-4). Let z be ((-80)/j)/((-4)/(-10)). Suppose 7*b - z*b = -15. List the prime factors of b.
3, 5
List the prime factors of ((-1 - -321)/2)/((-598)/(-47541)).
2, 3, 5, 53
Let c(m) = 41*m**2 + 16*m + 23. What are the prime factors of c(-5)?
2, 11
Let r be 14 + -10 + (1 - 2). Suppose -3752 = -r*u - c - 585, u - 2*c - 1058 = 0. List the prime factors of u.
2, 3, 11
Suppose -54 + 4 = -5*u. Let b be (-2)/u - 5552/40. Let x = b - -252. List the prime factors of x.
113
Suppose 90 = 2*f + f. Suppose -3*x + 20 = -p + 2*x, 5*x = -p + f. What are the prime factors of p/(-5)*2 - -93?
7, 13
Suppose 84*a + 169878 = 107*a. List the prime factors of a.
2, 3, 1231
Let w be (-2)/(-6) - 16/(-6). Suppose -4*m - w*u + 216 = -2*u, -20 = -5*u. Let t = m - 45. List the prime factors of t.
2
Let q(n) = -21*n + 9. Let o be q(7). List the prime factors of ((-70)/(-3))/(-1)*o/115.
2, 7
What are the prime factors of (-18 - -28)/(8/3596)?
5, 29, 31
Let y(u) = 3*u**3 + 4*u**2 + 4*u - 36. Let w be y(4). Suppose w*a = 227*a + 63. What are the prime factors of a?
7
Suppose 5*a = -2*t + 759, -2*t + 3*t - 372 = -4*a. Suppose -4*r - t = -2*r. What are the prime factors of (-2)/(-5) + r/(-10) + -4?
2
Let j = -866 + 1699. Suppose o = -3*l + 6*o + j, 0 = -l - 3*o + 301. List the prime factors of l.
2, 11, 13
Suppose 5*r - 43303 = -3*b, 12*r = -5*b + 13*r + 72153. List the prime factors of b.
14431
Let y be -5*(-20)/4 - (-3 - 0). Suppose y*g = 30*g - 552. What are the prime factors of g?
2, 3, 23
Suppose 1475 = 5*n - 5*y, 0 = 3*n + y - 646 - 267. List the prime factors of n.
2, 151
Suppose 0*t = 3*s - t - 52, 3*t = 2*s - 23. Suppose -n + 18 = 5*x - s, -n + 5 = x. List the prime factors of (8*13 - 2)*4/x.
3, 17
Let q(g) = -3 + 11 - 5 - 5 + 58*g**2. What are the prime factors of q(-2)?
2, 5, 23
Suppose -3*m = -2*o - 1 - 7, -m = -4*o + 4. List the prime factors of (279/m + (-10)/40)*2.
139
Suppose -4*x + o + 83 = 0, -x + 9 = -3*o + 2. Let h = -19 + x. List the prime factors of 31 + (2/h)/(8/(-36)).
2, 7
Let a be -3 + (-42)/(-24) + 3/(-4). Let n be 1248/(-60) + a/10*1. Let u = n - -26. List the prime factors of u.
5
Let n(l) be the first derivative of -33*l**4/4 + 4*l**3/3 + 11*l**2/2 + 30*l - 32. What are the prime factors of n(-3)?
2, 3, 7, 11
Let g(y) = y**3 + 23*y**2 + 44*y + 44. Let s be g(-21). What are the prime factors of 369/s + (-2)/4?
2, 23
Let z = 160 - 279. Let v be z/2*(-10 + 8). Let s = 175 - v. List the prime factors of s.
2, 7
Suppose 2*g + 0*i - 5*i = -16, 18 = g + 4*i. Suppose 0 = -3*u - 2*v + 375, g*v + 470 = 4*u - 16. List the prime factors of u.
3, 41
Suppose 30*x + 1679 = 629. What are the prime factors of 37310/20*(-20)/x?
2, 13, 41
Suppose 0 = s - 2*s + 2*h + 59362, 14 = 2*h. List the prime factors of s.
2, 3, 1237
Suppose -4*y + c + 25338 = 0, 5*y + 1301*c = 1302*c + 31672. What are the prime factors of y?
2, 3167
Suppose 0 = 8*l + 18 + 6. Let q be (32/l)/(2/(-9)). Let g = q + 42. What are the prime factors of g?
2, 3, 5
Suppose -11610 = -90*y + 88*y. Suppose 0 = -19*z + 4*z + y. List the prime factors of z.
3, 43
Let x be (37 + -36)/((-2)/(-14)). Let l(p) = 5*p**2 - 12*p + 56. List the prime factors of l(x).
7, 31
Suppose 4*f - 11*i = -9*i + 6, 5*f - 2*i - 9 = 0. What are the prime factors of -2 - (2 - f - (-8 + 541))?
2, 7, 19
Suppose 3*f - 1259068 = -69*f - 1732. List the prime factors of f.
3, 5821
Let z(i) be the third derivative of 9/4*i**4 - 1/2*i**3 + 0 + 0*i - 2*i**2. What are the prime factors of z(1)?
3, 17
Suppose -10 = -13*w + 42. Suppose -4*k = -5*c + 3650, -2*c + 2107 = w*k + 619. List the prime factors of c.
2, 367
Suppose 313 = 24*k + 49. Let l(s) = 47*s + 143. What are the prime factors of l(k)?
2, 3, 5, 11
Suppose -11 = -9*a + 16. Suppose 505 = a*t + 4*f - 564, 0 = 3*f + 6. What are the prime factors of t?
359
Suppose -21379 = -2*r - 3*y, -6*r = -3*r + 2*y - 32081. List the prime factors of r.
19, 563
Suppose f - 2810 = -3*b, -5*b + 7*b + f = 1874. Suppose -3*l + 3*y = 219 - b, 4*l + 4*y - 940 = 0. What are the prime factors of l?
3, 79
Let z = 56 + -1. Suppose -4*d + 5*d - z = 0. Suppose 4*a + 2*f - 80 = 0, -5*f - 15 - d = -5*a. What are the prime factors of a?
2, 3
Let g(w) = 2*w**2 - w. Let c(m) = 37*m**3 + 2*m**2 - 3*m - 5. Let x(o) = c(o) - g(o). What are the prime factors of x(2)?
7, 41
Suppose 4*g + 2*j - 8 = 0, 4*g - 5*g + 2 = 3*j. Let k be g/(-7) + (-13976)/(-14). Suppose 202 = d + s, -2*s + s - k = -5*d. What are the prime factors of d?
2, 5
List the prime factors of -1917 + 1904 + 1 + (1 - -33112).
79, 419
Suppose 6*w = w. Suppose 0 = -d - 3 + 2, w = 4*b + 4*d - 12. Let c(m) = 3*m - 4. List the prime factors of c(b).
2
Let b(v) = v**2 + 13*v + 14. Let s be b(-12). Let q be 2/11*-1 - s/(-11). Suppose 0*h - 6*h + 78 = q. What are the prime factors of h?
13
Let m = -29 + 34. Let p(a) = a**3 - a**2 + 2*a + 17. Let z(u) = u**3 + u + 16. Let b(i) = m*p(i) - 6*z(i). List the prime factors of b(-7).
59
Let m be (3/(-7))/((-37)/518) - 5. Let c(b) = 674*b**2 - 19*b + 20. List the prime factors of c(m).
3, 5
Let y(l) = -5506*l + 982. List the prime factors of y(-4).
2, 11503
Let t(i) = -8 + 2*i**2 - 15*i - 5 - 2. Let s = 23 + -11. List the prime factors of t(s).
3, 31
Let t(j) = -26*j**3 - 8*j**2 - 66*j - 10. List the prime factors of t(-6).
2, 2857
Let z be -5*(57/(-15) + (-8)/(-4)). Suppose -z*v = -0*v - 1584. Let p = v + -80. What are the prime factors of p?
2, 3
Suppose 0 = -2*l - 3*l + 15, l = 2*c - 1355. Suppose -c = -14*r + 567. List the prime factors of r.
89
Let m be 10*(-1 - 4/(-8)). What are the prime factors of 1/5 - (m + 3168/(-10))?
2, 7, 23
Let b(j) = -j**2 - j + 1. Let a be b(-8). Let w = a + 54. List the prime factors of (w + -3)*-3*328/96.
41
Let g(o) = 263*o + 2096. Let a be g(-8). Let l = -1004 - -1784. What are the prime factors of (16/(-10))/(a/l)?
2, 3, 13
Let v = 96 + -116. What are the prime factors of (-2)/v - (-6945)/50?
139
Suppose 124 = 2*c + 2*v, -4*c + 2*v + 257 = 3*v. Suppose 2*m - 293 = c. Let f = m - 54. List the prime factors of f.
5
Suppose -2*p + 5*j + 47548 = 0, -6*p - 23796 = -7*p - 3*j. What are the prime factors of p?
2, 3, 991
Suppose 4*c - 5*a = -8, 6*a - 7*a + 19 = 5*c. Sup